undred thousands digit of 389546791?
5
What is the units digit of 5291154?
4
What is the hundred millions digit of 2528971112?
5
What is the thousands digit of 179421596?
1
What is the ten thousands digit of 151425285?
2
What is the hundred thousands digit of 115232300?
2
What is the hundred millions digit of 816678373?
8
What is the millions digit of 2334934526?
4
What is the ten thousands digit of 4178050738?
5
What is the millions digit of 232420189?
2
What is the hundreds digit of 82381712?
7
What is the tens digit of 416638325?
2
What is the tens digit of 97532692?
9
What is the thousands digit of 349787275?
7
What is the hundreds digit of 26339639?
6
What is the millions digit of 213230861?
3
What is the ten millions digit of 557650405?
5
What is the thousands digit of 382779609?
9
What is the units digit of 185479216?
6
What is the millions digit of 1193126576?
3
What is the tens digit of 170441734?
3
What is the ten millions digit of 791607440?
9
What is the units digit of 55594802?
2
What is the ten thousands digit of 60815894?
1
What is the units digit of 389528226?
6
What is the thousands digit of 262735932?
5
What is the ten millions digit of 30732778?
3
What is the thousands digit of 15976700?
6
What is the millions digit of 852592853?
2
What is the units digit of 306088382?
2
What is the millions digit of 84828168?
4
What is the hundreds digit of 56165524?
5
What is the ten millions digit of 11459070?
1
What is the millions digit of 763635484?
3
What is the thousands digit of 670098283?
8
What is the hundred millions digit of 261395870?
2
What is the hundred millions digit of 1139560498?
1
What is the hundred millions digit of 3173886042?
1
What is the units digit of 5151295?
5
What is the thousands digit of 1173766082?
6
What is the hundreds digit of 923874034?
0
What is the tens digit of 1827181473?
7
What is the tens digit of 196089304?
0
What is the millions digit of 1728442262?
8
What is the ten thousands digit of 172343303?
4
What is the tens digit of 8495261?
6
What is the ten thousands digit of 503117641?
1
What is the units digit of 1327248949?
9
What is the hundred thousands digit of 1098775802?
7
What is the hundreds digit of 6482614?
6
What is the units digit of 685611225?
5
What is the ten millions digit of 2132081460?
3
What is the ten thousands digit of 11827674?
2
What is the millions digit of 3128312982?
8
What is the hundreds digit of 44209105?
1
What is the millions digit of 13067191?
3
What is the thousands digit of 104056145?
6
What is the ten millions digit of 2575872677?
7
What is the hundreds digit of 2657904750?
7
What is the hundred millions digit of 679896148?
6
What is the hundred thousands digit of 98240744?
2
What is the thousands digit of 107763544?
3
What is the units digit of 674618312?
2
What is the ten millions digit of 582717487?
8
What is the thousands digit of 961805871?
5
What is the hundred thousands digit of 266630773?
6
What is the units digit of 927872276?
6
What is the ten thousands digit of 80996010?
9
What is the hundred millions digit of 552768469?
5
What is the millions digit of 204130649?
4
What is the hundred millions digit of 113411100?
1
What is the ten millions digit of 313363528?
1
What is the ten millions digit of 1176595038?
7
What is the thousands digit of 271880051?
0
What is the hundreds digit of 227224245?
2
What is the tens digit of 69553800?
0
What is the hundred thousands digit of 1764302546?
3
What is the thousands digit of 114758039?
8
What is the hundreds digit of 307127132?
1
What is the hundred millions digit of 631962416?
6
What is the tens digit of 70081404?
0
What is the hundred thousands digit of 159193384?
1
What is the thousands digit of 57654392?
4
What is the ten millions digit of 55953479?
5
What is the thousands digit of 413482652?
2
What is the thousands digit of 296187418?
7
What is the millions digit of 5897556?
5
What is the units digit of 464990655?
5
What is the hundred thousands digit of 1668710119?
7
What is the units digit of 111465725?
5
What is the hundreds digit of 153428357?
3
What is the ten millions digit of 98820174?
9
What is the millions digit of 67347097?
7
What is the units digit of 790515520?
0
What is the tens digit of 3286030633?
3
What is the ten millions digit of 33345509?
3
What is the tens digit of 277578014?
1
What is the millions digit of 52628294?
2
What is the millions digit of 907063503?
7
What is the ten millions digit of 148367562?
4
What is the hundred millions digit of 3394885020?
3
What is the units digit of 2114387?
7
What is the thousands digit of 395322532?
2
What is the hundreds digit of 417288887?
8
What is the hundreds digit of 3058088359?
3
What is the thousands digit of 567093321?
3
What is the thousands digit of 78485379?
5
What is the millions digit of 474395328?
4
What is the ten millions digit of 973777484?
7
What is the ten millions digit of 1870853979?
7
What is the hundred millions digit of 314548902?
3
What is the ten millions digit of 1140825535?
4
What is the millions digit of 174956061?
4
What is the thousands digit of 4028497439?
7
What is the tens digit of 548665878?
7
What is the units digit of 235303715?
5
What is the thousands digit of 192461813?
1
What is the thousands digit of 701440188?
0
What is the hundred thousands digit of 38653789?
6
What is the ten millions digit of 87216228?
8
What is the thousands digit of 213482612?
2
What is the tens digit of 608787932?
3
What is the ten thousands digit of 1156478137?
7
What is the hundred thousands digit of 587510603?
5
What is the thousands digit of 1209680343?
0
What is the units digit of 129695356?
6
What is the hundred thousands digit of 663517234?
5
What is the hundreds digit of 20934593?
5
What is the ten thousands digit of 227398486?
9
What is the units digit of 1406377592?
2
What is the units digit of 8283622182?
2
What is the hundred millions digit of 540728633?
5
What is the hundred millions digit of 5412324855?
4
What is the hundreds digit of 74311758?
7
What is the ten millions digit of 81668654?
8
What is the thousands digit of 558855065?
5
What is the ten millions digit of 2342455857?
4
What is the hundreds digit of 132273199?
1
What is the hundreds digit of 29558185?
1
What is the tens digit of 12123106?
0
What is the thousands digit of 22882551?
2
What is the ten millions digit of 1842283786?
4
What is the ten thousands digit of 131548442?
4
What is the millions digit of 1059256286?
9
What is the hundred thousands digit of 2092077833?
0
What is the units digit of 154259385?
5
What is the ten thousands digit of 52635543?
3
What is the hundred thousands digit of 317468787?
4
What is the hundreds digit of 187346085?
0
What is the thousands digit of 2150463052?
3
What is the hundred thousands digit of 52332854?
3
What is the units digit of 2388700410?
0
What is the tens digit of 1315345897?
9
What is the ten thousands digit of 166261582?
6
What is the hundreds digit of 1697226100?
1
What is the millions digit of 713828455?
3
What is the billions digit of 3048100497?
3
What is the hundreds digit of 46444500?
5
What is the hundreds digit of 115754617?
6
What is the units digit of 75542968?
8
What is the hundred thousands digit of 62411850?
4
What is the millions digit of 1500305034?
0
What is the millions digit of 850574268?
0
What is the hundreds digit of 220271359?
3
What is the hundreds digit of 2318450471?
4
What is the thousands digit of 28050129?
0
What is the units digit of 637450599?
9
What is the units digit of 128572495?
5
What is the hundreds digit of 234819468?
4
What is the tens digit of 52565453?
5
What is the units digit of 80591575?
5
What is the ten millions digit of 27646297?
2
What is the ten thousands digit of 1022845258?
4
What is the hundreds digit of 2500976394?
3
What is the thousands digit of 812474952?
4
What is the millions digit of 842466543?
2
What is the thousands digit of 105723440?
3
What is the ten thousands digit of 550202365?
0
What is the billions digit of 2728320718?
2
What is the tens digit of 621984164?
6
What is the tens digit of 663301603?
0
What is the hundred millions digit of 1115877391?
1
What is the hundred thousands digit of 3010178136?
1
What is the hundred thousands digit of 27696244